{"id":8,"date":"2011-03-29T14:57:17","date_gmt":"2011-03-29T14:57:17","guid":{"rendered":"http:\/\/www.verwoehnpunkt.de\/?page_id=8"},"modified":"2026-01-12T12:39:40","modified_gmt":"2026-01-12T11:39:40","slug":"angebote-zum-wohlfuhlen","status":"publish","type":"page","link":"https:\/\/www.verwoehnpunkt.de\/?page_id=8","title":{"rendered":"Wohlf\u00fchlangebote"},"content":{"rendered":"\n<p class=\"has-text-align-left\"><span style=\"color: #562f05;\">Wann haben Sie sich das letzte Mal Zeit f\u00fcr sich allein genommen, um im Einklang mit sich selbst zu sein? Im angenehmen Duft \u00e4therischer \u00d6le, fernab von Alltag und Stress, tauchen Sie ein, in eine nat\u00fcrliche Welt der Harmonie und Entspannung. Ihre Wellnessanwendungen erleben Sie im wohltuenden Einzelterminen, wo Sie als Mensch im Mittelpunkt stehen, es findet keine Massenabfertigung statt.<\/span> Planen Sie Ihre Vorlaufzeit bis 8 Wochen Vormittag bis Mittag ein, damit Sie Ihre Wohlf\u00fchlzeit einl\u00f6sen k\u00f6nnen. Am Nachmittag sind die Termine f\u00fcr die Stammg\u00e4ste reserviert.<\/p>\n\n\n\n<p class=\"has-text-align-left has-text-color has-link-color has-medium-font-size wp-elements-811cfe5e5137e1bf286406893675c91c\" style=\"color:#8b2222\"><\/p>\n\n\n\n<p class=\"has-text-align-left has-vivid-red-color has-text-color has-link-color wp-elements-2ebe71c47e9eef30c870318637c5e2c6\"><span style=\"color: #562f05;\"><strong>Die Entspannungstermine und die Gutscheinabholung sind vorher per Telefon oder E-Mail zu vereinbaren, durch die hohe Kundenzufriedenheit sind die Neukundentermine mit Vorlaufzeit noch bis zum Mittag m\u00f6glich oder schauen Sie bei meiner wundervollen Naturkosmetik Kollegin Uta Parthier Tel. 01792952263.<\/strong><br \/><\/span><\/p>\n\n\n\n<div><span style=\"color: #562f05;\">&nbsp;<\/span><\/div>\n\n\n\n<h2 class=\"wp-block-heading\"><span style=\"color: #562f05;\">Wellnessanwendungen auf einen Blic<\/span>k <img loading=\"lazy\" decoding=\"async\" width=\"350\" height=\"233\" class=\"wp-image-1204\" style=\"width: 350px;\" src=\"https:\/\/www.verwoehnpunkt.de\/wp-content\/uploads\/2011\/03\/Internetseite-Frau.jpg\" alt=\"\" srcset=\"https:\/\/www.verwoehnpunkt.de\/wp-content\/uploads\/2011\/03\/Internetseite-Frau.jpg 471w, https:\/\/www.verwoehnpunkt.de\/wp-content\/uploads\/2011\/03\/Internetseite-Frau-300x199.jpg 300w\" sizes=\"auto, (max-width: 350px) 100vw, 350px\" \/><\/h2>\n\n\n\n<p>Einen Auszug von nat\u00fcrlichen Wohlf\u00fchlanwendungen im Verw\u00f6hnpunkt..  welche Entspannungsanwendung m\u00f6chten Sie sich g\u00f6nnen?<\/p>\n\n\n\n<p class=\"has-text-align-center has-text-color has-link-color has-medium-font-size wp-elements-75b7f59dcd4763135050252a11e1b522\" style=\"color:#046340\"><\/p>\n\n\n\n<p><strong>Ganzjahresangebot<\/strong> <\/p>\n\n\n\n<ul class=\"wp-block-list\">\n<li>Wohlf\u00fchlkosmetik ca. 65 min 57 \u20ac<\/li>\n\n\n\n<li>Wohlf\u00fchlkosmetik ca. 80 min 64 \u20ac<\/li>\n\n\n\n<li>Wellnessmassagen mit Bio \u00d6l zur Auswahl von Kopf, R\u00fccken, Fu\u00df, Gesicht ab 35 \u20ac 30 min\/45 \u20ac 40 min<\/li>\n\n\n\n<li>Aromaganzk\u00f6rpermassage 75 min 74 \u20ac<\/li>\n\n\n\n<li>Geburtstagspezial 45 min, erleben Sie eine Wohlf\u00fchlkosmetik f\u00fcr den R\u00fccken inklusive Wellnessmassage 51 \u20ac<\/li>\n<\/ul>\n\n\n\n<p><\/p>\n\n\n\n<p><strong><span style=\"color: #562f05;\">Die Wohlf\u00fchlgutscheine sind mit Vorlaufzeit zu genie\u00dfen und von Vormittag- Mittag als Entspannungstermin einl\u00f6sbar. Vielen Dank f\u00fcr Ihr Interesse und seien Sie herzlich Willkommen in Ihrem Biokosmetik- &amp; Massagestudio &#8222;VERW\u00d6HNPUNKT&#8220;!<\/span><\/strong><\/p>\n\n\n\n<p><\/p>\n","protected":false},"excerpt":{"rendered":"<p>Wann haben Sie sich das letzte Mal Zeit f\u00fcr sich allein genommen, um im Einklang mit sich selbst zu sein? Im angenehmen Duft \u00e4therischer \u00d6le, fernab von Alltag und Stress, tauchen Sie ein, in eine nat\u00fcrliche Welt der Harmonie und Entspannung. Ihre Wellnessanwendungen erleben Sie im wohltuenden Einzelterminen, wo Sie als Mensch im Mittelpunkt stehen, &#038;hellip <a class=\"read-excerpt\" href=\"https:\/\/www.verwoehnpunkt.de\/?page_id=8\">Continue reading <span class=\"meta-nav\">&raquo;<\/span><\/a><\/p>\n","protected":false},"author":1,"featured_media":0,"parent":0,"menu_order":3,"comment_status":"open","ping_status":"closed","template":"","meta":{"footnotes":""},"class_list":["post-8","page","type-page","status-publish","hentry"],"_links":{"self":[{"href":"https:\/\/www.verwoehnpunkt.de\/index.php?rest_route=\/wp\/v2\/pages\/8","targetHints":{"allow":["GET"]}}],"collection":[{"href":"https:\/\/www.verwoehnpunkt.de\/index.php?rest_route=\/wp\/v2\/pages"}],"about":[{"href":"https:\/\/www.verwoehnpunkt.de\/index.php?rest_route=\/wp\/v2\/types\/page"}],"author":[{"embeddable":true,"href":"https:\/\/www.verwoehnpunkt.de\/index.php?rest_route=\/wp\/v2\/users\/1"}],"replies":[{"embeddable":true,"href":"https:\/\/www.verwoehnpunkt.de\/index.php?rest_route=%2Fwp%2Fv2%2Fcomments&post=8"}],"version-history":[{"count":126,"href":"https:\/\/www.verwoehnpunkt.de\/index.php?rest_route=\/wp\/v2\/pages\/8\/revisions"}],"predecessor-version":[{"id":46489,"href":"https:\/\/www.verwoehnpunkt.de\/index.php?rest_route=\/wp\/v2\/pages\/8\/revisions\/46489"}],"wp:attachment":[{"href":"https:\/\/www.verwoehnpunkt.de\/index.php?rest_route=%2Fwp%2Fv2%2Fmedia&parent=8"}],"curies":[{"name":"wp","href":"https:\/\/api.w.org\/{rel}","templated":true}]}}